digit of 10613?
6
What is the hundreds digit of 394?
3
What is the hundreds digit of 1261?
2
What is the ten thousands digit of 10096?
1
What is the units digit of 543?
3
What is the ten thousands digit of 16119?
1
What is the thousands digit of 1186?
1
What is the hundreds digit of 748?
7
What is the hundreds digit of 941?
9
What is the thousands digit of 5199?
5
What is the ten thousands digit of 15256?
1
What is the units digit of 14118?
8
What is the hundreds digit of 2598?
5
What is the ten thousands digit of 47538?
4
What is the thousands digit of 6977?
6
What is the hundreds digit of 155?
1
What is the tens digit of 6613?
1
What is the units digit of 1477?
7
What is the hundreds digit of 363?
3
What is the tens digit of 1557?
5
What is the tens digit of 47821?
2
What is the units digit of 41189?
9
What is the units digit of 1276?
6
What is the hundreds digit of 847?
8
What is the units digit of 27847?
7
What is the units digit of 4939?
9
What is the hundreds digit of 51973?
9
What is the thousands digit of 10801?
0
What is the tens digit of 2571?
7
What is the units digit of 53575?
5
What is the hundreds digit of 31879?
8
What is the tens digit of 9148?
4
What is the ten thousands digit of 32525?
3
What is the thousands digit of 1159?
1
What is the hundreds digit of 3892?
8
What is the units digit of 1281?
1
What is the hundreds digit of 2929?
9
What is the thousands digit of 42036?
2
What is the hundreds digit of 8117?
1
What is the units digit of 778?
8
What is the tens digit of 6783?
8
What is the thousands digit of 12745?
2
What is the units digit of 12027?
7
What is the thousands digit of 39107?
9
What is the tens digit of 25040?
4
What is the units digit of 12?
2
What is the thousands digit of 1374?
1
What is the tens digit of 1484?
8
What is the tens digit of 6622?
2
What is the tens digit of 82687?
8
What is the tens digit of 54911?
1
What is the tens digit of 1148?
4
What is the hundreds digit of 12898?
8
What is the hundreds digit of 4394?
3
What is the thousands digit of 1740?
1
What is the thousands digit of 3728?
3
What is the tens digit of 616?
1
What is the hundreds digit of 1167?
1
What is the units digit of 5629?
9
What is the tens digit of 57520?
2
What is the hundreds digit of 9635?
6
What is the units digit of 6802?
2
What is the tens digit of 43846?
4
What is the hundreds digit of 21454?
4
What is the ten thousands digit of 37315?
3
What is the thousands digit of 1571?
1
What is the thousands digit of 17838?
7
What is the tens digit of 812?
1
What is the thousands digit of 4743?
4
What is the tens digit of 477?
7
What is the thousands digit of 1439?
1
What is the tens digit of 15686?
8
What is the ten thousands digit of 17065?
1
What is the ten thousands digit of 57467?
5
What is the hundreds digit of 192184?
1
What is the hundreds digit of 3919?
9
What is the hundreds digit of 1501?
5
What is the hundreds digit of 24096?
0
What is the thousands digit of 1063?
1
What is the units digit of 386?
6
What is the units digit of 234?
4
What is the thousands digit of 3236?
3
What is the tens digit of 2473?
7
What is the units digit of 1279?
9
What is the units digit of 8440?
0
What is the hundreds digit of 9554?
5
What is the tens digit of 8828?
2
What is the hundreds digit of 144?
1
What is the thousands digit of 2124?
2
What is the thousands digit of 28988?
8
What is the units digit of 11444?
4
What is the units digit of 3185?
5
What is the tens digit of 7522?
2
What is the hundreds digit of 5060?
0
What is the tens digit of 34047?
4
What is the thousands digit of 14172?
4
What is the hundreds digit of 17395?
3
What is the tens digit of 5094?
9
What is the units digit of 7694?
4
What is the units digit of 23642?
2
What is the thousands digit of 5496?
5
What is the tens digit of 752?
5
What is the tens digit of 3316?
1
What is the thousands digit of 1787?
1
What is the units digit of 14230?
0
What is the units digit of 27363?
3
What is the ten thousands digit of 144076?
4
What is the tens digit of 57600?
0
What is the thousands digit of 149987?
9
What is the tens digit of 288?
8
What is the units digit of 421?
1
What is the units digit of 909?
9
What is the tens digit of 7186?
8
What is the hundreds digit of 6958?
9
What is the units digit of 973?
3
What is the tens digit of 326?
2
What is the thousands digit of 47353?
7
What is the thousands digit of 54820?
4
What is the tens digit of 30552?
5
What is the hundreds digit of 43237?
2
What is the thousands digit of 10243?
0
What is the units digit of 571?
1
What is the thousands digit of 6113?
6
What is the tens digit of 21369?
6
What is the units digit of 1893?
3
What is the units digit of 24233?
3
What is the thousands digit of 4876?
4
What is the hundreds digit of 1580?
5
What is the hundreds digit of 285?
2
What is the units digit of 887?
7
What is the hundreds digit of 66156?
1
What is the hundreds digit of 215?
2
What is the tens digit of 1756?
5
What is the units digit of 537?
7
What is the thousands digit of 8071?
8
What is the hundreds digit of 44961?
9
What is the units digit of 56?
6
What is the ten thousands digit of 46394?
4
What is the units digit of 20691?
1
What is the thousands digit of 18925?
8
What is the tens digit of 6725?
2
What is the tens digit of 2935?
3
What is the thousands digit of 1086?
1
What is the units digit of 201511?
1
What is the tens digit of 1862?
6
What is the hundreds digit of 4839?
8
What is the thousands digit of 2997?
2
What is the units digit of 46091?
1
What is the ten thousands digit of 15392?
1
What is the tens digit of 43354?
5
What is the units digit of 3785?
5
What is the thousands digit of 29066?
9
What is the tens digit of 13880?
8
What is the hundreds digit of 8273?
2
What is the hundreds digit of 35503?
5
What is the tens digit of 34392?
9
What is the thousands digit of 2349?
2
What is the hundreds digit of 1069?
0
What is the thousands digit of 3324?
3
What is the thousands digit of 48657?
8
What is the thousands digit of 1059?
1
What is the tens digit of 61366?
6
What is the units digit of 1137?
7
What is the hundreds digit of 84978?
9
What is the hundreds digit of 1949?
9
What is the hundreds digit of 8197?
1
What is the ten thousands digit of 12506?
1
What is the ten thousands digit of 84084?
8
What is the units digit of 450?
0
What is the tens digit of 1269?
6
What is the tens digit of 91632?
3
What is the hundreds digit of 55885?
8
What is the hundreds digit of 6021?
0
What is the units digit of 20090?
0
What is the tens digit of 377?
7
What is the units digit of 1067?
7
What is the tens digit of 2617?
1
What is the hundreds digit of 8846?
8
What is the units digit of 2927?
7
What is the hundreds digit of 6436?
4
What is the thousands digit of 64615?
4
What is the tens digit of 2861?
6
What is the units digit of 8280?
0
What is the hundreds digit of 62407?
4
What is the hundreds digit of 126001?
0
What is the tens digit of 75765?
6
What is the thousands digit of 9129?
9
What is the units digit of 2247?
7
What is the hundreds digit of 26576?
5
What is the units digit of 7043?
3
What is the hundreds digit of 8761?
7
What is the units digit of 11652?
2
What is the tens digit of 105107?
0
What is the tens digit of 6865?
6
What is the thousands digit of 94181?
4
What is the units digit of 9865?
5
What is the hundreds digit of 11635?
6
What is the hundreds digit of 8517?
5
What is the hundreds digit of 716?
7
What is the hundreds digit of 474?
4
What is the units digit of 482?
2
What is the hundreds digit of 585?
5
What is the thousands digit of 104389?
4
What is the hundreds digit of 1128?
1
What is the thousands digit of 2592?
2
What is the thousands digit of 2102?
2
What is the thousands digit of 6248?
6
What is the tens digit of 9324?
2
What is the thousands digit of 3746?
3
What is the tens digit of 10243?
4
What is the hundreds digit of 469?
4
What is the thousands digit of 2107?
2
What is the thousands digit of 2464?
2
What is the units digit of 2927?
7
What is the hundreds digit of 378?
3
What is the units digit of 14872?
2
What is the hundreds digit of 7469?
4
What is the hundreds digit of 43638?
6
What is the tens digit of 4904?
0
What is the units digit of 10699?
9
What is the hundreds digit of 24917?
9
Wh